{"id":6,"date":"2014-07-18T06:45:01","date_gmt":"2014-07-18T06:45:01","guid":{"rendered":"http:\/\/www.sociologiecraiova.ro\/revista\/?page_id=6"},"modified":"2026-02-12T22:49:16","modified_gmt":"2026-02-12T22:49:16","slug":"colectivul-redactional","status":"publish","type":"page","link":"https:\/\/sociologiecraiova.ro\/revista\/colectivul-redactional\/","title":{"rendered":"EDITORIAL BOARD"},"content":{"rendered":"<p style=\"text-align: center;\"><strong>Founding Director:\u00a0<\/strong>Dumitru OTOVESCU \u2013 University of Craiova (Romania)<\/p>\n<p style=\"text-align: center;\"><strong>Director:\u00a0<\/strong>Maria<strong>\u2013<\/strong>Cristina OTOVESCU\u00a0 \u2013 University of Craiova (Romania)<\/p>\n<p style=\"text-align: center;\"><strong>Editor in chief:\u00a0<\/strong>Adrian OTOVESCU \u2013 University of Craiova (Romania)<\/p>\n<p style=\"text-align: center;\"><strong>Editorial Secretary:\u00a0<\/strong>Vlad Ovidiu CIOAC\u0102\u00a0 \u2013 University of Craiova (Romania)<\/p>\n<p style=\"text-align: center;\"><strong>International Scientific Committee:<\/strong><\/p>\n<p>Albert OGIEN \u2013 \u00c9cole des Hautes \u00c9tudes en Sciences Sociales (EHESS), France<br \/>\nLaurent TESSIER \u2013 Institut Catholique de Paris (ICP), France<br \/>\nLucile BONCOMPAIN \u2013 Universit\u00e9 de Bordeaux, France<br \/>\nUgo de AMBROGIO \u2013 Istituto per la Ricerca Sociale, Milan, Italy<br \/>\nGilles FRIGOLI \u2013 Universit\u00e9 C\u00f4te d\u2019Azur (formerly Universit\u00e9 de Nice Sophia Antipolis), France<br \/>\nMarie-Carmen GARCIA \u2013 Universit\u00e9 Lumi\u00e8re Lyon 2, France<br \/>\nBernard LAHIRE \u2013 \u00c9cole Normale Sup\u00e9rieure Lettres et Sciences Humaines (ENS Lyon), France<br \/>\nEfstratios PAPANIS \u2013 University of the Aegean, Greece<br \/>\nAzucena HERN\u00c1NDEZ MART\u00cdN \u2013 Universidad de Salamanca, Spain<br \/>\nMaria SAMPELAYO \u2013 Universidad Camilo Jos\u00e9 Cela, Spain<br \/>\nMatthieu GATEAU \u2013 Universit\u00e9 de Bourgogne, France<br \/>\nMarcel PARIAT \u2013 Universit\u00e9 Paris-Est Cr\u00e9teil, France<br \/>\nPascal LAFONT \u2013 Universit\u00e9 Paris-Est Cr\u00e9teil, France<br \/>\nPhilippe JORON \u2013 Universit\u00e9 Paul-Val\u00e9ry Montpellier 3, France<br \/>\nMichel CRESPY \u2013 Universit\u00e9 Paul-Val\u00e9ry Montpellier 3, France<br \/>\nTeodora KALEYNSKA \u2013 University of Veliko Tarnovo, Bulgaria<br \/>\nVihren BOUZOV \u2013 University of Veliko Tarnovo, Bulgaria<br \/>\nLaura VERDI \u2013 University of Padua, Italy<br \/>\nK\u00e9month\u00e9 Marius GALLON \u2013 Universit\u00e9 F\u00e9lix Houphou\u00ebt-Boigny, Ivory Coast<br \/>\nWilly Didier FOGA KONEFON \u2013 University of Yaound\u00e9 I, Cameroon<br \/>\nSoufyane BADRAOUI \u2013 University of Tebessa, Algeria.<\/p>\n<p style=\"text-align: center;\"><strong>National Scientific Committee:<\/strong><\/p>\n<p>C\u0103t\u0103lin ZAMFIR \u2013 academician, Romanian Academy; Ilie B\u0102DESCU \u2013 corresponding member of the Romanian Academy; Doru BUZDUCEA, Maria VOINEA, Radu BALTASIU, Adrian DAN (University of Bucharest); Elena ZAMFIR, Sorin CACE (Research Institute for the Quality of Life, Romanian Academy); \u0218tefan COJOCARU, Daniela COJOCARU, Nicu GAVRILU\u021a\u0102, Cristina GAVRILU\u021a\u0102, Ion IONESCU (\u201cAlexandru Ioan Cuza\u201d University of Ia\u0219i); Mihai IOVU (Babe\u0219-Bolyai University of Cluj-Napoca); Lauren\u021biu \u021a\u00ceRU, Cosmin GOIAN (West University of Timi\u0219oara); Floare CHIPEA (University of Oradea); Nicolae PANEA, Adrian OTOVESCU, Cristina OTOVESCU (University of Craiova); Dumitru BAT\u00c2R, Hora\u021biu RUSU (\u201cLucian Blaga\u201d University of Sibiu); Claudiu COMAN (\u201cTransilvania\u201d University of Bra\u0219ov); Lucian MARINA, C\u0103lina BU\u021aIU (\u201c1 Decembrie 1918\u201d University of Alba Iulia); Lavinia POPP (\u201cEftimie Murgu\u201d University of Re\u0219i\u021ba); Maria CONSTANTINESCU (University of Pite\u0219ti), Maria PESCARU (National University of Science and Technology Politehnica Bucharest &#8211; Pite\u0219ti University Center); Lavinia BETEA (\u201cAurel Vlaicu\u201d University of Arad).<\/p>\n<p style=\"text-align: center;\"><strong>Editorial Team:<\/strong><\/p>\n<p>Claudiu COMAN, Lauren\u021biu \u021a\u00ceRU, Lavinia POPP, Cristina ILIE, Marius VASILU\u021a\u0102, M\u0103d\u0103lina OTOVESCU, Emanuela BRAN, Cristina BULARCA<\/p>\n","protected":false},"excerpt":{"rendered":"<p>Founding Director:\u00a0Dumitru OTOVESCU \u2013 University of Craiova (Romania) Director:\u00a0Maria\u2013Cristina OTOVESCU\u00a0 \u2013 University of Craiova (Romania) Editor in chief:\u00a0Adrian OTOVESCU \u2013 University of Craiova (Romania) Editorial Secretary:\u00a0Vlad Ovidiu CIOAC\u0102\u00a0 \u2013 University of Craiova (Romania) International Scientific Committee: Albert OGIEN \u2013 \u00c9cole des Hautes \u00c9tudes en Sciences Sociales (EHESS), France Laurent TESSIER \u2013 Institut Catholique de Paris &hellip; <a href=\"https:\/\/sociologiecraiova.ro\/revista\/colectivul-redactional\/\" class=\"more-link\">Continue reading <span class=\"screen-reader-text\">EDITORIAL BOARD<\/span> <span class=\"meta-nav\">&rarr;<\/span><\/a><\/p>\n","protected":false},"author":1,"featured_media":0,"parent":0,"menu_order":0,"comment_status":"closed","ping_status":"closed","template":"","meta":{"_exactmetrics_skip_tracking":false,"_exactmetrics_sitenote_active":false,"_exactmetrics_sitenote_note":"","_exactmetrics_sitenote_category":0,"footnotes":""},"class_list":["post-6","page","type-page","status-publish","hentry"],"yoast_head":"<!-- This site is optimized with the Yoast SEO plugin v27.3 - https:\/\/yoast.com\/product\/yoast-seo-wordpress\/ -->\n<title>EDITORIAL BOARD - Revista Universitar\u0103 de Sociologie<\/title>\n<meta name=\"robots\" content=\"index, follow, max-snippet:-1, max-image-preview:large, max-video-preview:-1\" \/>\n<link rel=\"canonical\" href=\"https:\/\/sociologiecraiova.ro\/revista\/colectivul-redactional\/\" \/>\n<meta property=\"og:locale\" content=\"en_US\" \/>\n<meta property=\"og:type\" content=\"article\" \/>\n<meta property=\"og:title\" content=\"EDITORIAL BOARD - Revista Universitar\u0103 de Sociologie\" \/>\n<meta property=\"og:description\" content=\"Founding Director:\u00a0Dumitru OTOVESCU \u2013 University of Craiova (Romania) Director:\u00a0Maria\u2013Cristina OTOVESCU\u00a0 \u2013 University of Craiova (Romania) Editor in chief:\u00a0Adrian OTOVESCU \u2013 University of Craiova (Romania) Editorial Secretary:\u00a0Vlad Ovidiu CIOAC\u0102\u00a0 \u2013 University of Craiova (Romania) International Scientific Committee: Albert OGIEN \u2013 \u00c9cole des Hautes \u00c9tudes en Sciences Sociales (EHESS), France Laurent TESSIER \u2013 Institut Catholique de Paris &hellip; Continue reading EDITORIAL BOARD &rarr;\" \/>\n<meta property=\"og:url\" content=\"https:\/\/sociologiecraiova.ro\/revista\/colectivul-redactional\/\" \/>\n<meta property=\"og:site_name\" content=\"Revista Universitar\u0103 de Sociologie\" \/>\n<meta property=\"article:modified_time\" content=\"2026-02-12T22:49:16+00:00\" \/>\n<meta name=\"twitter:card\" content=\"summary_large_image\" \/>\n<meta name=\"twitter:label1\" content=\"Est. reading time\" \/>\n\t<meta name=\"twitter:data1\" content=\"2 minutes\" \/>\n<script type=\"application\/ld+json\" class=\"yoast-schema-graph\">{\"@context\":\"https:\\\/\\\/schema.org\",\"@graph\":[{\"@type\":\"WebPage\",\"@id\":\"https:\\\/\\\/sociologiecraiova.ro\\\/revista\\\/colectivul-redactional\\\/\",\"url\":\"https:\\\/\\\/sociologiecraiova.ro\\\/revista\\\/colectivul-redactional\\\/\",\"name\":\"EDITORIAL BOARD - Revista Universitar\u0103 de Sociologie\",\"isPartOf\":{\"@id\":\"https:\\\/\\\/sociologiecraiova.ro\\\/revista\\\/#website\"},\"datePublished\":\"2014-07-18T06:45:01+00:00\",\"dateModified\":\"2026-02-12T22:49:16+00:00\",\"breadcrumb\":{\"@id\":\"https:\\\/\\\/sociologiecraiova.ro\\\/revista\\\/colectivul-redactional\\\/#breadcrumb\"},\"inLanguage\":\"en-US\",\"potentialAction\":[{\"@type\":\"ReadAction\",\"target\":[\"https:\\\/\\\/sociologiecraiova.ro\\\/revista\\\/colectivul-redactional\\\/\"]}]},{\"@type\":\"BreadcrumbList\",\"@id\":\"https:\\\/\\\/sociologiecraiova.ro\\\/revista\\\/colectivul-redactional\\\/#breadcrumb\",\"itemListElement\":[{\"@type\":\"ListItem\",\"position\":1,\"name\":\"Home\",\"item\":\"https:\\\/\\\/sociologiecraiova.ro\\\/revista\\\/\"},{\"@type\":\"ListItem\",\"position\":2,\"name\":\"EDITORIAL BOARD\"}]},{\"@type\":\"WebSite\",\"@id\":\"https:\\\/\\\/sociologiecraiova.ro\\\/revista\\\/#website\",\"url\":\"https:\\\/\\\/sociologiecraiova.ro\\\/revista\\\/\",\"name\":\"Revista Universitar\u0103 de Sociologie\",\"description\":\"\",\"potentialAction\":[{\"@type\":\"SearchAction\",\"target\":{\"@type\":\"EntryPoint\",\"urlTemplate\":\"https:\\\/\\\/sociologiecraiova.ro\\\/revista\\\/?s={search_term_string}\"},\"query-input\":{\"@type\":\"PropertyValueSpecification\",\"valueRequired\":true,\"valueName\":\"search_term_string\"}}],\"inLanguage\":\"en-US\"}]}<\/script>\n<!-- \/ Yoast SEO plugin. -->","yoast_head_json":{"title":"EDITORIAL BOARD - Revista Universitar\u0103 de Sociologie","robots":{"index":"index","follow":"follow","max-snippet":"max-snippet:-1","max-image-preview":"max-image-preview:large","max-video-preview":"max-video-preview:-1"},"canonical":"https:\/\/sociologiecraiova.ro\/revista\/colectivul-redactional\/","og_locale":"en_US","og_type":"article","og_title":"EDITORIAL BOARD - Revista Universitar\u0103 de Sociologie","og_description":"Founding Director:\u00a0Dumitru OTOVESCU \u2013 University of Craiova (Romania) Director:\u00a0Maria\u2013Cristina OTOVESCU\u00a0 \u2013 University of Craiova (Romania) Editor in chief:\u00a0Adrian OTOVESCU \u2013 University of Craiova (Romania) Editorial Secretary:\u00a0Vlad Ovidiu CIOAC\u0102\u00a0 \u2013 University of Craiova (Romania) International Scientific Committee: Albert OGIEN \u2013 \u00c9cole des Hautes \u00c9tudes en Sciences Sociales (EHESS), France Laurent TESSIER \u2013 Institut Catholique de Paris &hellip; Continue reading EDITORIAL BOARD &rarr;","og_url":"https:\/\/sociologiecraiova.ro\/revista\/colectivul-redactional\/","og_site_name":"Revista Universitar\u0103 de Sociologie","article_modified_time":"2026-02-12T22:49:16+00:00","twitter_card":"summary_large_image","twitter_misc":{"Est. reading time":"2 minutes"},"schema":{"@context":"https:\/\/schema.org","@graph":[{"@type":"WebPage","@id":"https:\/\/sociologiecraiova.ro\/revista\/colectivul-redactional\/","url":"https:\/\/sociologiecraiova.ro\/revista\/colectivul-redactional\/","name":"EDITORIAL BOARD - Revista Universitar\u0103 de Sociologie","isPartOf":{"@id":"https:\/\/sociologiecraiova.ro\/revista\/#website"},"datePublished":"2014-07-18T06:45:01+00:00","dateModified":"2026-02-12T22:49:16+00:00","breadcrumb":{"@id":"https:\/\/sociologiecraiova.ro\/revista\/colectivul-redactional\/#breadcrumb"},"inLanguage":"en-US","potentialAction":[{"@type":"ReadAction","target":["https:\/\/sociologiecraiova.ro\/revista\/colectivul-redactional\/"]}]},{"@type":"BreadcrumbList","@id":"https:\/\/sociologiecraiova.ro\/revista\/colectivul-redactional\/#breadcrumb","itemListElement":[{"@type":"ListItem","position":1,"name":"Home","item":"https:\/\/sociologiecraiova.ro\/revista\/"},{"@type":"ListItem","position":2,"name":"EDITORIAL BOARD"}]},{"@type":"WebSite","@id":"https:\/\/sociologiecraiova.ro\/revista\/#website","url":"https:\/\/sociologiecraiova.ro\/revista\/","name":"Revista Universitar\u0103 de Sociologie","description":"","potentialAction":[{"@type":"SearchAction","target":{"@type":"EntryPoint","urlTemplate":"https:\/\/sociologiecraiova.ro\/revista\/?s={search_term_string}"},"query-input":{"@type":"PropertyValueSpecification","valueRequired":true,"valueName":"search_term_string"}}],"inLanguage":"en-US"}]}},"_links":{"self":[{"href":"https:\/\/sociologiecraiova.ro\/revista\/wp-json\/wp\/v2\/pages\/6","targetHints":{"allow":["GET"]}}],"collection":[{"href":"https:\/\/sociologiecraiova.ro\/revista\/wp-json\/wp\/v2\/pages"}],"about":[{"href":"https:\/\/sociologiecraiova.ro\/revista\/wp-json\/wp\/v2\/types\/page"}],"author":[{"embeddable":true,"href":"https:\/\/sociologiecraiova.ro\/revista\/wp-json\/wp\/v2\/users\/1"}],"replies":[{"embeddable":true,"href":"https:\/\/sociologiecraiova.ro\/revista\/wp-json\/wp\/v2\/comments?post=6"}],"version-history":[{"count":33,"href":"https:\/\/sociologiecraiova.ro\/revista\/wp-json\/wp\/v2\/pages\/6\/revisions"}],"predecessor-version":[{"id":1347,"href":"https:\/\/sociologiecraiova.ro\/revista\/wp-json\/wp\/v2\/pages\/6\/revisions\/1347"}],"wp:attachment":[{"href":"https:\/\/sociologiecraiova.ro\/revista\/wp-json\/wp\/v2\/media?parent=6"}],"curies":[{"name":"wp","href":"https:\/\/api.w.org\/{rel}","templated":true}]}}