{"id":241,"date":"2018-07-15T14:27:18","date_gmt":"2018-07-15T14:27:18","guid":{"rendered":"http:\/\/www.sociologiecraiova.ro\/revista\/?page_id=241"},"modified":"2018-07-15T14:27:18","modified_gmt":"2018-07-15T14:27:18","slug":"revista-universitara-de-sociologie-2015-no-1","status":"publish","type":"page","link":"https:\/\/sociologiecraiova.ro\/revista\/revista-universitara-de-sociologie-2015-no-1\/","title":{"rendered":"REVISTA UNIVERSITARA DE SOCIOLOGIE, 2015 NO. 1"},"content":{"rendered":"<p><strong>REVISTA UNIVERSITAR\u0102 DE SOCIOLOGIE NO.1\/2015 (FULL VERSION)<\/strong><\/p>\n<p><a href=\"http:\/\/www.sociologiecraiova.ro\/revista\/wp-content\/uploads\/2018\/07\/0.-REVISTA-UNIVERSITAR\u0102-DE-SOCIOLOGIE-NO.12015-FULL-VERSION.pdf\">DOWNLOAD PDF<\/a><\/p>\n<ol>\n<li><strong>ALINA IONELA B\u0102DESCU, SOCIAL CAPITAL AND THE ADDED SOCIAL VALUE THE ROLE OF WEAK LINKAGES IN THE PRODUCTION OF ADDED SOCIAL VALUE (PP.7-17)<\/strong><\/li>\n<\/ol>\n<p><a href=\"http:\/\/www.sociologiecraiova.ro\/revista\/wp-content\/uploads\/2018\/07\/1.-ALINA-IONELA-B\u0102DESCU-SOCIAL-CAPITAL-AND-THE-ADDED-SOCIAL-VALUE-THE-ROLE-OF-WEAK-LINKAGES-IN-THE-PRODUCTION-OF-ADDED-SOCIAL-VALUE-PP.7-17.pdf\">DOWNLOAD PDF<\/a><\/p>\n<ol start=\"2\">\n<li><strong>M\u0102D\u0102LINA M\u0102NDI\u021a\u0102, THE POWER OF SPIRITUAL MANIFESTATION. SIMMEL\u2019S THEORY OF CONFLICT APPLIED TO JUDAISM (PP.18-32)<\/strong><\/li>\n<\/ol>\n<p><a href=\"http:\/\/www.sociologiecraiova.ro\/revista\/wp-content\/uploads\/2018\/07\/2.-M\u0102D\u0102LINA-M\u0102NDI\u021a\u0102-THE-POWER-OF-SPIRITUAL-MANIFESTATION.-SIMMEL\u2019S-THEORY-OF-CONFLICT-APPLIED-TO-JUDAISM-PP.18-32.pdf\">DOWNLOAD PDF<\/a><\/p>\n<ol start=\"3\">\n<li><strong>ANA-MARIA NICULESCU MIZIL, IN THE WAKE OF SLEEPING BEAUTY. EVER-CHANGING FACES OF FEMININITY IN TRANSMEDIA STORYTELLING. FROM CHARLES PERRAULT TO WALT DISNEY (PP.33-41)<\/strong><\/li>\n<\/ol>\n<p><a href=\"http:\/\/www.sociologiecraiova.ro\/revista\/wp-content\/uploads\/2018\/07\/3.-ANA-MARIA-NICULESCU-MIZIL-IN-THE-WAKE-OF-SLEEPING-BEAUTY.-EVER-CHANGING-FACES-OF-FEMININITY-IN-TRANSMEDIA-STORYTELLING.-FROM-CHARLES-PERRAULT-TO-WALT-DISNEY-PP.33.pdf\">DOWNLOAD PDF<\/a><\/p>\n<ol start=\"4\">\n<li><strong>MIHAELA B\u0102RBIERU, THE IMPLICATIONS OF SOCIAL MEDIA IN POLITICAL COMMUNICATION. A NEW FORM OF ELECTORAL CAMPAIGN (PP.42-48)<\/strong><\/li>\n<\/ol>\n<p><a href=\"http:\/\/www.sociologiecraiova.ro\/revista\/wp-content\/uploads\/2018\/07\/4.-MIHAELA-B\u0102RBIERU-THE-IMPLICATIONS-OF-SOCIAL-MEDIA-IN-POLITICAL-COMMUNICATION.-A-NEW-FORM-OF-ELECTORAL-CAMPAIGN-PP.42-48.pdf\">DOWNLOAD PDF<\/a><\/p>\n<ol start=\"5\">\n<li><strong>MARIA PESCARU, THE ROLE OF THE FAMILY IN THE INTEGRATION OF CHILDREN INTO THE SOCIETY (PP.49-59)<\/strong><\/li>\n<\/ol>\n<p><a href=\"http:\/\/www.sociologiecraiova.ro\/revista\/wp-content\/uploads\/2018\/07\/5.-MARIA-PESCARU-THE-ROLE-OF-THE-FAMILY-IN-THE-INTEGRATION-OF-CHILDREN-INTO-THE-SOCIETY-PP.49-59.pdf\">DOWNLOAD PDF<\/a><\/p>\n<ol start=\"6\">\n<li><strong>ELENA COCO\u0218 (BASARAB), THE ROMANIAN MIGRATION TO CANADA (PP.60-65)<\/strong><\/li>\n<\/ol>\n<p><a href=\"http:\/\/www.sociologiecraiova.ro\/revista\/wp-content\/uploads\/2018\/07\/6.-ELENA-COCO\u0218-BASARAB-THE-ROMANIAN-MIGRATION-TO-CANADA-PP.60-65.pdf\">DOWNLOAD PDF<\/a><\/p>\n<ol start=\"7\">\n<li><strong>LIVIA DI\u021aESCU, WORK-FAMILY CONFLICT IN RELATION WITH RESOURCE CONSERVATION THEORY AND EXPANSIONIST THEORY (PP.66-72)<\/strong><\/li>\n<\/ol>\n<p><a href=\"http:\/\/www.sociologiecraiova.ro\/revista\/wp-content\/uploads\/2018\/07\/7.-LIVIA-DI\u021aESCU-WORK-FAMILY-CONFLICT-IN-RELATION-WITH-RESOURCE-CONSERVATION-THEORY-AND-EXPANSIONIST-THEORY-PP.66-72.pdf\">DOWNLOAD PDF<\/a><\/p>\n<ol start=\"8\">\n<li><strong>CRISTINA MARIA PESCARU, THE COMMUNITY OF THE ROMANIANS WHO WORK IN THE INSTITUTIONS OF THE EUROPEAN UNION (PP.73-83)<\/strong><\/li>\n<\/ol>\n<p><a href=\"http:\/\/www.sociologiecraiova.ro\/revista\/wp-content\/uploads\/2018\/07\/8.-CRISTINA-MARIA-PESCARU-THE-COMMUNITY-OF-THE-ROMANIANS-WHO-WORK-IN-THE-INSTITUTIONS-OF-THE-EUROPEAN-UNION-PP.73-83.pdf\">DOWNLOAD PDF<\/a><\/p>\n<ol start=\"9\">\n<li><strong>VERONICA DUMITRA\u0218CU, SOCIAL ACTIVISM: THEORIES AND METHODS\uf0b7 (PP.84-94)<\/strong><\/li>\n<\/ol>\n<p><a href=\"http:\/\/www.sociologiecraiova.ro\/revista\/wp-content\/uploads\/2018\/07\/9.-VERONICA-DUMITRA\u0218CU-SOCIAL-ACTIVISM-THEORIES-AND-METHODS\u2022-PP.84-94.pdf\">DOWNLOAD PDF<\/a><\/p>\n<p>&nbsp;<\/p>\n","protected":false},"excerpt":{"rendered":"<p>REVISTA UNIVERSITAR\u0102 DE SOCIOLOGIE NO.1\/2015 (FULL VERSION) DOWNLOAD PDF ALINA IONELA B\u0102DESCU, SOCIAL CAPITAL AND THE ADDED SOCIAL VALUE THE ROLE OF WEAK LINKAGES IN THE PRODUCTION OF ADDED SOCIAL VALUE (PP.7-17) DOWNLOAD PDF M\u0102D\u0102LINA M\u0102NDI\u021a\u0102, THE POWER OF SPIRITUAL MANIFESTATION. SIMMEL\u2019S THEORY OF CONFLICT APPLIED TO JUDAISM (PP.18-32) DOWNLOAD PDF ANA-MARIA NICULESCU MIZIL, IN &hellip; <a href=\"https:\/\/sociologiecraiova.ro\/revista\/revista-universitara-de-sociologie-2015-no-1\/\" class=\"more-link\">Continue reading <span class=\"screen-reader-text\">REVISTA UNIVERSITARA DE SOCIOLOGIE, 2015 NO. 1<\/span> <span class=\"meta-nav\">&rarr;<\/span><\/a><\/p>\n","protected":false},"author":1,"featured_media":0,"parent":0,"menu_order":0,"comment_status":"closed","ping_status":"closed","template":"","meta":{"_exactmetrics_skip_tracking":false,"_exactmetrics_sitenote_active":false,"_exactmetrics_sitenote_note":"","_exactmetrics_sitenote_category":0,"footnotes":""},"class_list":["post-241","page","type-page","status-publish","hentry"],"yoast_head":"<!-- This site is optimized with the Yoast SEO plugin v27.3 - https:\/\/yoast.com\/product\/yoast-seo-wordpress\/ -->\n<title>REVISTA UNIVERSITARA DE SOCIOLOGIE, 2015 NO. 1 - Revista Universitar\u0103 de Sociologie<\/title>\n<meta name=\"robots\" content=\"index, follow, max-snippet:-1, max-image-preview:large, max-video-preview:-1\" \/>\n<link rel=\"canonical\" href=\"https:\/\/sociologiecraiova.ro\/revista\/revista-universitara-de-sociologie-2015-no-1\/\" \/>\n<meta property=\"og:locale\" content=\"en_US\" \/>\n<meta property=\"og:type\" content=\"article\" \/>\n<meta property=\"og:title\" content=\"REVISTA UNIVERSITARA DE SOCIOLOGIE, 2015 NO. 1 - Revista Universitar\u0103 de Sociologie\" \/>\n<meta property=\"og:description\" content=\"REVISTA UNIVERSITAR\u0102 DE SOCIOLOGIE NO.1\/2015 (FULL VERSION) DOWNLOAD PDF ALINA IONELA B\u0102DESCU, SOCIAL CAPITAL AND THE ADDED SOCIAL VALUE THE ROLE OF WEAK LINKAGES IN THE PRODUCTION OF ADDED SOCIAL VALUE (PP.7-17) DOWNLOAD PDF M\u0102D\u0102LINA M\u0102NDI\u021a\u0102, THE POWER OF SPIRITUAL MANIFESTATION. SIMMEL\u2019S THEORY OF CONFLICT APPLIED TO JUDAISM (PP.18-32) DOWNLOAD PDF ANA-MARIA NICULESCU MIZIL, IN &hellip; Continue reading REVISTA UNIVERSITARA DE SOCIOLOGIE, 2015 NO. 1 &rarr;\" \/>\n<meta property=\"og:url\" content=\"https:\/\/sociologiecraiova.ro\/revista\/revista-universitara-de-sociologie-2015-no-1\/\" \/>\n<meta property=\"og:site_name\" content=\"Revista Universitar\u0103 de Sociologie\" \/>\n<meta name=\"twitter:card\" content=\"summary_large_image\" \/>\n<meta name=\"twitter:label1\" content=\"Est. reading time\" \/>\n\t<meta name=\"twitter:data1\" content=\"1 minute\" \/>\n<script type=\"application\/ld+json\" class=\"yoast-schema-graph\">{\"@context\":\"https:\\\/\\\/schema.org\",\"@graph\":[{\"@type\":\"WebPage\",\"@id\":\"https:\\\/\\\/sociologiecraiova.ro\\\/revista\\\/revista-universitara-de-sociologie-2015-no-1\\\/\",\"url\":\"https:\\\/\\\/sociologiecraiova.ro\\\/revista\\\/revista-universitara-de-sociologie-2015-no-1\\\/\",\"name\":\"REVISTA UNIVERSITARA DE SOCIOLOGIE, 2015 NO. 1 - Revista Universitar\u0103 de Sociologie\",\"isPartOf\":{\"@id\":\"https:\\\/\\\/sociologiecraiova.ro\\\/revista\\\/#website\"},\"datePublished\":\"2018-07-15T14:27:18+00:00\",\"breadcrumb\":{\"@id\":\"https:\\\/\\\/sociologiecraiova.ro\\\/revista\\\/revista-universitara-de-sociologie-2015-no-1\\\/#breadcrumb\"},\"inLanguage\":\"en-US\",\"potentialAction\":[{\"@type\":\"ReadAction\",\"target\":[\"https:\\\/\\\/sociologiecraiova.ro\\\/revista\\\/revista-universitara-de-sociologie-2015-no-1\\\/\"]}]},{\"@type\":\"BreadcrumbList\",\"@id\":\"https:\\\/\\\/sociologiecraiova.ro\\\/revista\\\/revista-universitara-de-sociologie-2015-no-1\\\/#breadcrumb\",\"itemListElement\":[{\"@type\":\"ListItem\",\"position\":1,\"name\":\"Home\",\"item\":\"https:\\\/\\\/sociologiecraiova.ro\\\/revista\\\/\"},{\"@type\":\"ListItem\",\"position\":2,\"name\":\"REVISTA UNIVERSITARA DE SOCIOLOGIE, 2015 NO. 1\"}]},{\"@type\":\"WebSite\",\"@id\":\"https:\\\/\\\/sociologiecraiova.ro\\\/revista\\\/#website\",\"url\":\"https:\\\/\\\/sociologiecraiova.ro\\\/revista\\\/\",\"name\":\"Revista Universitar\u0103 de Sociologie\",\"description\":\"\",\"potentialAction\":[{\"@type\":\"SearchAction\",\"target\":{\"@type\":\"EntryPoint\",\"urlTemplate\":\"https:\\\/\\\/sociologiecraiova.ro\\\/revista\\\/?s={search_term_string}\"},\"query-input\":{\"@type\":\"PropertyValueSpecification\",\"valueRequired\":true,\"valueName\":\"search_term_string\"}}],\"inLanguage\":\"en-US\"}]}<\/script>\n<!-- \/ Yoast SEO plugin. -->","yoast_head_json":{"title":"REVISTA UNIVERSITARA DE SOCIOLOGIE, 2015 NO. 1 - Revista Universitar\u0103 de Sociologie","robots":{"index":"index","follow":"follow","max-snippet":"max-snippet:-1","max-image-preview":"max-image-preview:large","max-video-preview":"max-video-preview:-1"},"canonical":"https:\/\/sociologiecraiova.ro\/revista\/revista-universitara-de-sociologie-2015-no-1\/","og_locale":"en_US","og_type":"article","og_title":"REVISTA UNIVERSITARA DE SOCIOLOGIE, 2015 NO. 1 - Revista Universitar\u0103 de Sociologie","og_description":"REVISTA UNIVERSITAR\u0102 DE SOCIOLOGIE NO.1\/2015 (FULL VERSION) DOWNLOAD PDF ALINA IONELA B\u0102DESCU, SOCIAL CAPITAL AND THE ADDED SOCIAL VALUE THE ROLE OF WEAK LINKAGES IN THE PRODUCTION OF ADDED SOCIAL VALUE (PP.7-17) DOWNLOAD PDF M\u0102D\u0102LINA M\u0102NDI\u021a\u0102, THE POWER OF SPIRITUAL MANIFESTATION. SIMMEL\u2019S THEORY OF CONFLICT APPLIED TO JUDAISM (PP.18-32) DOWNLOAD PDF ANA-MARIA NICULESCU MIZIL, IN &hellip; Continue reading REVISTA UNIVERSITARA DE SOCIOLOGIE, 2015 NO. 1 &rarr;","og_url":"https:\/\/sociologiecraiova.ro\/revista\/revista-universitara-de-sociologie-2015-no-1\/","og_site_name":"Revista Universitar\u0103 de Sociologie","twitter_card":"summary_large_image","twitter_misc":{"Est. reading time":"1 minute"},"schema":{"@context":"https:\/\/schema.org","@graph":[{"@type":"WebPage","@id":"https:\/\/sociologiecraiova.ro\/revista\/revista-universitara-de-sociologie-2015-no-1\/","url":"https:\/\/sociologiecraiova.ro\/revista\/revista-universitara-de-sociologie-2015-no-1\/","name":"REVISTA UNIVERSITARA DE SOCIOLOGIE, 2015 NO. 1 - Revista Universitar\u0103 de Sociologie","isPartOf":{"@id":"https:\/\/sociologiecraiova.ro\/revista\/#website"},"datePublished":"2018-07-15T14:27:18+00:00","breadcrumb":{"@id":"https:\/\/sociologiecraiova.ro\/revista\/revista-universitara-de-sociologie-2015-no-1\/#breadcrumb"},"inLanguage":"en-US","potentialAction":[{"@type":"ReadAction","target":["https:\/\/sociologiecraiova.ro\/revista\/revista-universitara-de-sociologie-2015-no-1\/"]}]},{"@type":"BreadcrumbList","@id":"https:\/\/sociologiecraiova.ro\/revista\/revista-universitara-de-sociologie-2015-no-1\/#breadcrumb","itemListElement":[{"@type":"ListItem","position":1,"name":"Home","item":"https:\/\/sociologiecraiova.ro\/revista\/"},{"@type":"ListItem","position":2,"name":"REVISTA UNIVERSITARA DE SOCIOLOGIE, 2015 NO. 1"}]},{"@type":"WebSite","@id":"https:\/\/sociologiecraiova.ro\/revista\/#website","url":"https:\/\/sociologiecraiova.ro\/revista\/","name":"Revista Universitar\u0103 de Sociologie","description":"","potentialAction":[{"@type":"SearchAction","target":{"@type":"EntryPoint","urlTemplate":"https:\/\/sociologiecraiova.ro\/revista\/?s={search_term_string}"},"query-input":{"@type":"PropertyValueSpecification","valueRequired":true,"valueName":"search_term_string"}}],"inLanguage":"en-US"}]}},"_links":{"self":[{"href":"https:\/\/sociologiecraiova.ro\/revista\/wp-json\/wp\/v2\/pages\/241","targetHints":{"allow":["GET"]}}],"collection":[{"href":"https:\/\/sociologiecraiova.ro\/revista\/wp-json\/wp\/v2\/pages"}],"about":[{"href":"https:\/\/sociologiecraiova.ro\/revista\/wp-json\/wp\/v2\/types\/page"}],"author":[{"embeddable":true,"href":"https:\/\/sociologiecraiova.ro\/revista\/wp-json\/wp\/v2\/users\/1"}],"replies":[{"embeddable":true,"href":"https:\/\/sociologiecraiova.ro\/revista\/wp-json\/wp\/v2\/comments?post=241"}],"version-history":[{"count":1,"href":"https:\/\/sociologiecraiova.ro\/revista\/wp-json\/wp\/v2\/pages\/241\/revisions"}],"predecessor-version":[{"id":253,"href":"https:\/\/sociologiecraiova.ro\/revista\/wp-json\/wp\/v2\/pages\/241\/revisions\/253"}],"wp:attachment":[{"href":"https:\/\/sociologiecraiova.ro\/revista\/wp-json\/wp\/v2\/media?parent=241"}],"curies":[{"name":"wp","href":"https:\/\/api.w.org\/{rel}","templated":true}]}}